 - 694. What is the units digit of x?
9
Let h be (4 - 1)/(9/12). Suppose 30 + 290 = h*m. What is the tens digit of m?
8
Suppose -n + t + 200 = 0, -4*n + t + 0*t + 803 = 0. Suppose 2*c - 4*d + n = 5*c, d - 3 = 0. What is the units digit of c?
3
Let m = -256 - -862. What is the units digit of m?
6
Let l(o) be the second derivative of 2*o**3 - 4*o**2 - 13*o. Let n be l(4). What is the tens digit of ((-23)/2)/((-20)/n)?
2
Suppose 0 = -2*j + 5*j. Let n(y) = 5*y**2 + 21*y - 4. Let w be n(-6). Let l = w - j. What is the tens digit of l?
5
Suppose 0 = -2*u - 4*v + 36, 2*u - 2*v - 72 + 24 = 0. Let z = u - 7. What is the tens digit of z?
1
Let u(w) be the third derivative of 5/6*w**3 + 0 + 10*w**2 - 1/8*w**4 + 0*w. What is the units digit of u(-7)?
6
Let r(m) = 23*m**2 + 12*m - 110. What is the thousands digit of r(-11)?
2
Let k(p) = -p - 6. Let n(v) = 2*v + 18. Let f(b) = 16*k(b) + 5*n(b). Let r be f(-7). Suppose -q + r = 5*w, -3*w + 5*q + 10 = -6. What is the units digit of w?
7
Let r(q) = 3*q**3 - 9*q**2 + 4*q + 19. Let p(i) = -i**3 + 5*i**2 - 2*i - 9. Let x(w) = 5*p(w) + 2*r(w). What is the units digit of x(-6)?
1
Let x(u) = -u**2 - 5*u + 6. Let m(l) = 2*l**2 + 11*l - 12. Let v(k) = 6*m(k) + 11*x(k). What is the units digit of v(-12)?
6
Suppose -2*z - 4*b = -190, z = 3*z + 2*b - 180. What is the tens digit of z?
8
Let m = -26 - -18. What is the tens digit of 2/m + (-305)/(-4)?
7
Let b(h) = 73*h - 1. Let p be b(1). Let a(z) = -z**3 - 30*z**2 - 22*z + 171. Let w be a(-29). Let v = w + p. What is the units digit of v?
0
Let d(f) = -f + 1. Let j(x) = 3*x - 3. Let k(l) = 7*d(l) + 2*j(l). Let c(n) = -2*n. Let m be c(2). What is the units digit of k(m)?
5
Let o(z) = -2*z**3 - 10*z**2 + 7*z - 18. What is the tens digit of o(-8)?
1
What is the thousands digit of (-158)/((5 - 7)*8/256)?
2
Let f = 45 + -45. Suppose f = -5*t + s + 4*s + 445, -4*s = -t + 86. What is the tens digit of t?
9
Let b = -2 - -81. Suppose -4*s - b = -351. What is the tens digit of s?
6
Let r = 786 - 336. Let z be ((-2)/(-4))/((-9)/r). Let q = z - -58. What is the units digit of q?
3
Let v = 3183 - 1422. What is the hundreds digit of v?
7
Suppose -3752 + 1520 = -4*j. What is the hundreds digit of j?
5
Let s = -50 - -124. Let b be (0 - -9)*(-3 - 94/(-6)). Let t = b - s. What is the tens digit of t?
4
Let a = 19 - 3. Let u be 1 + (-5)/(-1) + -2. Suppose -r + u = -a. What is the units digit of r?
0
Let p(t) = 2*t - 2*t - 8 + 2*t. Suppose -2*x + 8*x - 36 = 0. What is the units digit of p(x)?
4
Let b = -62 - -58. What is the hundreds digit of 3*b/30 - (-3829)/35?
1
Let s = 85 - -58. What is the tens digit of s?
4
Let h = -129 - -132. What is the hundreds digit of (h - (-500)/(-12))/((-2)/9)?
1
Let y = -231 - -649. What is the hundreds digit of y?
4
Let t be (-2)/(-6) - (-250)/(-30). Let q = -31 - t. Let d = -7 - q. What is the units digit of d?
6
What is the tens digit of (-4)/54 - (-1024057)/1107?
2
Let v be ((-8)/(-32))/((-1)/4). Let m(y) = -18*y**2 + y + 1. Let q(a) = 72*a**2 - 5*a - 5. Let g(h) = -9*m(h) - 2*q(h). What is the units digit of g(v)?
8
Let u = 857 - 33. What is the units digit of u?
4
Suppose -147*w + 162 = -146*w. What is the hundreds digit of w?
1
Let m(b) be the third derivative of 11*b**4/24 - 5*b**3/3 - 3*b**2. Let h be m(8). Suppose -5*o = -203 + h. What is the units digit of o?
5
What is the hundreds digit of (1 - (-57)/6)/((-3)/(-202))?
7
Let d = -750 - -1398. What is the hundreds digit of d?
6
Let o = 2187 - 2133. What is the tens digit of o?
5
Let t be ((-17)/(102/116))/(2/9). Let q = t + 106. What is the tens digit of q?
1
Suppose 12*v = -8*v + 5820. What is the units digit of v?
1
Suppose 0 = -4*q + 2*q + 12. Suppose 107 = 2*t + x, 52 = t + 5*x - q. What is the units digit of t?
3
Let j(h) = -h**3 - h**2 + 2*h + 2. Let g be j(-2). Suppose 1 - g = -w. What is the units digit of w?
1
Let d(z) = 47*z - 127. What is the units digit of d(13)?
4
Let o be -1 + (9 - 4/2). Suppose 0*x + o*x + 12 = 0. What is the tens digit of (3 + x)*-19*-1?
1
Let p = -42 + 30. Let n(i) = i**3 + 14*i**2 + 15*i - 6. What is the units digit of n(p)?
2
Let m = -684 - -3368. What is the hundreds digit of m?
6
Let g(r) = 3*r**2 - 73*r + 85. What is the tens digit of g(31)?
0
Let y be 7 + 76 + -3*1. Let q = -21 + y. What is the tens digit of q?
5
Let z(t) = 7*t - 11. Let n = 16 - 10. Suppose -12 = 4*s - n*s. What is the tens digit of z(s)?
3
Suppose 0 = 2*n - 4*a - 20, -4*n = -0*a + 2*a. Suppose 0 = 4*c - i - 124, -72 = -n*c + 4*i - i. What is the units digit of c?
0
Let m(c) = 2*c**2 - c - 1. Suppose -3*d = 3*f - 7*f - 22, 4*d + f = 4. Suppose 0 = 4*y + d*p - 4*p - 4, 2*y - 2*p = 0. What is the units digit of m(y)?
5
Suppose -5*j + 2 + 23 = 0. Suppose -j*p = -p - 24. Suppose -7*o + 31 = -p*o. What is the tens digit of o?
3
Let j = 31 + -32. Let n be (-4)/(-1) + j + 2. Suppose -2*i = 5*c - 191, 0 = c + 4*c - n*i - 205. What is the tens digit of c?
3
Suppose -150 = 6*d + 42. What is the units digit of d/40 + 1858/10?
5
Let r = -1016 + 597. Let a = 623 + r. What is the tens digit of a?
0
Let l be (12/(-8))/(3/(-4)). Suppose 4*a + 3*r = 349, -l*a + 2*r - 25 + 189 = 0. What is the tens digit of a?
8
Let c be (24/10)/((-2)/(-220)). Let g(l) = l**2 + 5*l + 9. Let r be g(-4). Suppose 0 = -3*f - r*f + c. What is the tens digit of f?
3
Let m(t) = -101*t + 15. What is the tens digit of m(-11)?
2
What is the tens digit of 247*((-45)/60)/(1/(-4))?
4
Let q = 5526 - 2775. What is the thousands digit of q?
2
Let z = -14 + 19. Suppose 27 = 2*v - 3*w, -z*v + 2*v = w - 35. What is the tens digit of v?
1
Suppose 4*i - 298 = -3*x, 0 = -3*i - i - 2*x + 300. Let n = i - 37. Suppose 0 = -4*l - 11 + n. What is the units digit of l?
7
Suppose -k = 4*i + 18, -2*i = 4*k + 3*i + 17. Suppose k - 11 = q. What is the units digit of 186/9 + (-3)/q?
1
Suppose 0 = 5*x + 3*m - 10438, 0 = 4*x + 4*m - 12708 + 4356. What is the tens digit of x?
8
Suppose -4*d - 16 = 0, -4*d + 838 + 106 = 5*r. What is the hundreds digit of r?
1
Suppose 4*n - 1299 - 705 = 0. What is the tens digit of n?
0
Let d(w) = -11*w + 4*w - 6*w - 23. What is the units digit of d(-3)?
6
Suppose -30*k + 1075 = -25*k. What is the tens digit of k?
1
Let c(x) = -9*x + 13*x - 4 - 3*x. Let v be c(6). Suppose q = v*q - 49. What is the units digit of q?
9
Suppose 2*i - 120 = -2*k, 0*k + 4*k = 5*i - 264. What is the units digit of i?
6
Let c(z) = -z**2 - 21*z - 48. Let h be c(-18). What is the tens digit of 1/3 - (2588/h)/(-2)?
1
Suppose 13*c + 4*m = 15*c - 864, 0 = 4*c + 4*m - 1776. What is the tens digit of c?
4
Let s be (-2 + 3)/(1/4). What is the tens digit of (1/2)/(s/168)?
2
Let d = -53 - -55. What is the tens digit of (-1 - (-8 + d))*(-37)/(-1)?
8
Suppose -31 = -3*q + b, 3*b - 80 = -3*q - 29. Suppose -2*k + q = 3*z - z, -11 = -k - 2*z. What is the units digit of k?
1
What is the units digit of ((-9)/((-27)/1050) + -2)/1?
8
Let u be (-6)/(-9)*-6*(-4)/1. Suppose -a = 3*a - u. What is the units digit of a?
4
Let k = 3328 + -1601. What is the units digit of k?
7
Suppose -5*t + 1773 = -27*m + 28*m, -3*m = 3*t - 5295. What is the hundreds digit of m?
7
Suppose 0 = 8*p - 3*p. Suppose -y - 3*y = -q - 80, p = 4*y - 2*q - 76. What is the tens digit of y?
2
Let v be (-102)/51*2/2*2. Let t(g) = 20*g**2 - g - 15. What is the hundreds digit of t(v)?
3
Let g = 17 - 16. Let c(b) = 115*b + 2. Let n be c(g). Suppose -4*a = -4*x + n + 35, 3*x - 5*a = 116. What is the units digit of x?
7
Suppose 0 = -226*o + 246*o - 96880. What is the hundreds digit of o?
8
Let f = 578 - 377. What is the tens digit of f?
0
Let n(o) = -2*o**3 + o**2 - 9*o + 9. What is the units digit of n(-8)?
9
What is the units digit of (7104/80)/(2/10)?
4
Suppose 2*b = 5*d - 2350, -5*d - b = 4*b - 2385. What is the units digit of d?
2
Let i = -7 + 44. Suppose -38*f = -i*f - 78. What is the tens digit of f?
7
Suppose -38 + 108 = 5*d. Let q be d/(-21) - 322/(-6). Let y = -37 + q. What is the tens digit of y?
1
Let u = 42 + -39. Let s = 14 + u. What is the tens digit of s?
1
Suppose 13*j - 36191 = -1117. What is the thousands digit of j?
2
Let r(u) = -u**2 + 15*u + 3. Let p(x) = -13*x - 1. Let h(o) = o**3 + 8*o**2 + o + 7. Let f be h(-8). Let n be p(f). What is the tens digit of r(n)?
3
Let j(s) = s**3 - 29*s**2 +